{"id":2267,"date":"2022-07-11T20:56:32","date_gmt":"2022-07-11T20:56:32","guid":{"rendered":"https:\/\/songwriter-norbert-mueller.de\/?page_id=2267"},"modified":"2024-04-03T11:32:28","modified_gmt":"2024-04-03T11:32:28","slug":"10-juli-2022-spaziergaengerkonzert-ingolstadt-kap94","status":"publish","type":"page","link":"https:\/\/songwriter-norbert-mueller.de\/?page_id=2267","title":{"rendered":"10. Juli 2022 Spazierg\u00e4ngerkonzert, Ingolstadt Kap94"},"content":{"rendered":"\n<div class=\"wp-block-buttons has-custom-font-size has-small-font-size is-horizontal is-content-justification-center is-layout-flex wp-container-core-buttons-is-layout-cbcdc57d wp-block-buttons-is-layout-flex\">\n<div class=\"wp-block-button has-custom-font-size is-style-outline has-small-font-size is-style-outline--2\"><a class=\"wp-block-button__link has-luminous-vivid-amber-color has-black-background-color has-text-color has-background wp-element-button\" href=\"https:\/\/songwriter-norbert-mueller.de\/?page_id=2043\"><strong>Termine<\/strong><\/a><\/div>\n\n\n\n<div class=\"wp-block-button has-custom-font-size is-style-outline has-small-font-size is-style-outline--3\"><a class=\"wp-block-button__link has-luminous-vivid-amber-color has-black-background-color has-text-color has-background wp-element-button\" href=\"https:\/\/songwriter-norbert-mueller.de\/?page_id=2050\"><strong><mark style=\"background-color:rgba(0, 0, 0, 0)\" class=\"has-inline-color has-luminous-vivid-amber-color\">Archiv<\/mark><\/strong><\/a><\/div>\n<\/div>\n\n\n\n<div style=\"height:38px\" aria-hidden=\"true\" class=\"wp-block-spacer\"><\/div>\n\n\n\n<p class=\"wp-block-paragraph\">Sie sind schon ein Highlight, die Spazierg\u00e4ngerkonzerte! <\/p>\n\n\n\n<figure class=\"wp-block-gallery has-nested-images columns-default is-cropped wp-block-gallery-4 is-layout-flex wp-block-gallery-is-layout-flex\">\n<figure class=\"wp-block-image size-large\"><img loading=\"lazy\" decoding=\"async\" width=\"690\" height=\"1024\" data-id=\"2274\" src=\"https:\/\/songwriter-norbert-mueller.de\/wp-content\/uploads\/2022\/07\/20220710-_MG_3431-690x1024.jpg\" alt=\"\" class=\"wp-image-2274\" srcset=\"https:\/\/songwriter-norbert-mueller.de\/wp-content\/uploads\/2022\/07\/20220710-_MG_3431-690x1024.jpg 690w, https:\/\/songwriter-norbert-mueller.de\/wp-content\/uploads\/2022\/07\/20220710-_MG_3431-202x300.jpg 202w, https:\/\/songwriter-norbert-mueller.de\/wp-content\/uploads\/2022\/07\/20220710-_MG_3431-768x1139.jpg 768w, https:\/\/songwriter-norbert-mueller.de\/wp-content\/uploads\/2022\/07\/20220710-_MG_3431-1035x1536.jpg 1035w, https:\/\/songwriter-norbert-mueller.de\/wp-content\/uploads\/2022\/07\/20220710-_MG_3431.jpg 1348w\" sizes=\"auto, (max-width: 690px) 100vw, 690px\" \/><\/figure>\n\n\n\n<figure class=\"wp-block-image size-large\"><img loading=\"lazy\" decoding=\"async\" width=\"1024\" height=\"682\" data-id=\"2269\" src=\"https:\/\/songwriter-norbert-mueller.de\/wp-content\/uploads\/2022\/07\/20220710-_MG_3392-1024x682.jpg\" alt=\"\" class=\"wp-image-2269\" srcset=\"https:\/\/songwriter-norbert-mueller.de\/wp-content\/uploads\/2022\/07\/20220710-_MG_3392-1024x682.jpg 1024w, https:\/\/songwriter-norbert-mueller.de\/wp-content\/uploads\/2022\/07\/20220710-_MG_3392-300x200.jpg 300w, https:\/\/songwriter-norbert-mueller.de\/wp-content\/uploads\/2022\/07\/20220710-_MG_3392-768x512.jpg 768w, https:\/\/songwriter-norbert-mueller.de\/wp-content\/uploads\/2022\/07\/20220710-_MG_3392-1536x1024.jpg 1536w, https:\/\/songwriter-norbert-mueller.de\/wp-content\/uploads\/2022\/07\/20220710-_MG_3392.jpg 2000w\" sizes=\"auto, (max-width: 1024px) 100vw, 1024px\" \/><\/figure>\n\n\n\n<figure class=\"wp-block-image size-large\"><img loading=\"lazy\" decoding=\"async\" width=\"1024\" height=\"682\" data-id=\"2273\" src=\"https:\/\/songwriter-norbert-mueller.de\/wp-content\/uploads\/2022\/07\/20220710-_MG_3403-1024x682.jpg\" alt=\"\" class=\"wp-image-2273\" srcset=\"https:\/\/songwriter-norbert-mueller.de\/wp-content\/uploads\/2022\/07\/20220710-_MG_3403-1024x682.jpg 1024w, https:\/\/songwriter-norbert-mueller.de\/wp-content\/uploads\/2022\/07\/20220710-_MG_3403-300x200.jpg 300w, https:\/\/songwriter-norbert-mueller.de\/wp-content\/uploads\/2022\/07\/20220710-_MG_3403-768x512.jpg 768w, https:\/\/songwriter-norbert-mueller.de\/wp-content\/uploads\/2022\/07\/20220710-_MG_3403-1536x1024.jpg 1536w, https:\/\/songwriter-norbert-mueller.de\/wp-content\/uploads\/2022\/07\/20220710-_MG_3403.jpg 2000w\" sizes=\"auto, (max-width: 1024px) 100vw, 1024px\" \/><\/figure>\n\n\n\n<figure class=\"wp-block-image size-large\"><img loading=\"lazy\" decoding=\"async\" width=\"1024\" height=\"682\" data-id=\"2275\" src=\"https:\/\/songwriter-norbert-mueller.de\/wp-content\/uploads\/2022\/07\/20220710-_MG_3433-1024x682.jpg\" alt=\"\" class=\"wp-image-2275\" srcset=\"https:\/\/songwriter-norbert-mueller.de\/wp-content\/uploads\/2022\/07\/20220710-_MG_3433-1024x682.jpg 1024w, https:\/\/songwriter-norbert-mueller.de\/wp-content\/uploads\/2022\/07\/20220710-_MG_3433-300x200.jpg 300w, https:\/\/songwriter-norbert-mueller.de\/wp-content\/uploads\/2022\/07\/20220710-_MG_3433-768x512.jpg 768w, https:\/\/songwriter-norbert-mueller.de\/wp-content\/uploads\/2022\/07\/20220710-_MG_3433-1536x1024.jpg 1536w, https:\/\/songwriter-norbert-mueller.de\/wp-content\/uploads\/2022\/07\/20220710-_MG_3433.jpg 2000w\" sizes=\"auto, (max-width: 1024px) 100vw, 1024px\" \/><\/figure>\n\n\n\n<figure class=\"wp-block-image size-large\"><img loading=\"lazy\" decoding=\"async\" width=\"1024\" height=\"682\" data-id=\"2271\" src=\"https:\/\/songwriter-norbert-mueller.de\/wp-content\/uploads\/2022\/07\/20220710-_MG_3424-1024x682.jpg\" alt=\"\" class=\"wp-image-2271\" srcset=\"https:\/\/songwriter-norbert-mueller.de\/wp-content\/uploads\/2022\/07\/20220710-_MG_3424-1024x682.jpg 1024w, https:\/\/songwriter-norbert-mueller.de\/wp-content\/uploads\/2022\/07\/20220710-_MG_3424-300x200.jpg 300w, https:\/\/songwriter-norbert-mueller.de\/wp-content\/uploads\/2022\/07\/20220710-_MG_3424-768x512.jpg 768w, https:\/\/songwriter-norbert-mueller.de\/wp-content\/uploads\/2022\/07\/20220710-_MG_3424-1536x1024.jpg 1536w, https:\/\/songwriter-norbert-mueller.de\/wp-content\/uploads\/2022\/07\/20220710-_MG_3424.jpg 2000w\" sizes=\"auto, (max-width: 1024px) 100vw, 1024px\" \/><\/figure>\n\n\n\n<figure class=\"wp-block-image size-large\"><img loading=\"lazy\" decoding=\"async\" width=\"1024\" height=\"682\" data-id=\"2272\" src=\"https:\/\/songwriter-norbert-mueller.de\/wp-content\/uploads\/2022\/07\/20220710-_MG_3426-1024x682.jpg\" alt=\"\" class=\"wp-image-2272\" srcset=\"https:\/\/songwriter-norbert-mueller.de\/wp-content\/uploads\/2022\/07\/20220710-_MG_3426-1024x682.jpg 1024w, https:\/\/songwriter-norbert-mueller.de\/wp-content\/uploads\/2022\/07\/20220710-_MG_3426-300x200.jpg 300w, https:\/\/songwriter-norbert-mueller.de\/wp-content\/uploads\/2022\/07\/20220710-_MG_3426-768x512.jpg 768w, https:\/\/songwriter-norbert-mueller.de\/wp-content\/uploads\/2022\/07\/20220710-_MG_3426-1536x1024.jpg 1536w, https:\/\/songwriter-norbert-mueller.de\/wp-content\/uploads\/2022\/07\/20220710-_MG_3426.jpg 2000w\" sizes=\"auto, (max-width: 1024px) 100vw, 1024px\" \/><\/figure>\n\n\n\n<figure class=\"wp-block-image size-large\"><img loading=\"lazy\" decoding=\"async\" width=\"1024\" height=\"682\" data-id=\"2276\" src=\"https:\/\/songwriter-norbert-mueller.de\/wp-content\/uploads\/2022\/07\/20220710-_MG_3436-1024x682.jpg\" alt=\"\" class=\"wp-image-2276\" srcset=\"https:\/\/songwriter-norbert-mueller.de\/wp-content\/uploads\/2022\/07\/20220710-_MG_3436-1024x682.jpg 1024w, https:\/\/songwriter-norbert-mueller.de\/wp-content\/uploads\/2022\/07\/20220710-_MG_3436-300x200.jpg 300w, https:\/\/songwriter-norbert-mueller.de\/wp-content\/uploads\/2022\/07\/20220710-_MG_3436-768x512.jpg 768w, https:\/\/songwriter-norbert-mueller.de\/wp-content\/uploads\/2022\/07\/20220710-_MG_3436-1536x1024.jpg 1536w, https:\/\/songwriter-norbert-mueller.de\/wp-content\/uploads\/2022\/07\/20220710-_MG_3436.jpg 2000w\" sizes=\"auto, (max-width: 1024px) 100vw, 1024px\" \/><\/figure>\n\n\n\n<figure class=\"wp-block-image size-large\"><img loading=\"lazy\" decoding=\"async\" width=\"1024\" height=\"682\" data-id=\"2277\" src=\"https:\/\/songwriter-norbert-mueller.de\/wp-content\/uploads\/2022\/07\/20220710-_MG_3439-1024x682.jpg\" alt=\"\" class=\"wp-image-2277\" srcset=\"https:\/\/songwriter-norbert-mueller.de\/wp-content\/uploads\/2022\/07\/20220710-_MG_3439-1024x682.jpg 1024w, https:\/\/songwriter-norbert-mueller.de\/wp-content\/uploads\/2022\/07\/20220710-_MG_3439-300x200.jpg 300w, https:\/\/songwriter-norbert-mueller.de\/wp-content\/uploads\/2022\/07\/20220710-_MG_3439-768x512.jpg 768w, https:\/\/songwriter-norbert-mueller.de\/wp-content\/uploads\/2022\/07\/20220710-_MG_3439-1536x1024.jpg 1536w, https:\/\/songwriter-norbert-mueller.de\/wp-content\/uploads\/2022\/07\/20220710-_MG_3439.jpg 2000w\" sizes=\"auto, (max-width: 1024px) 100vw, 1024px\" \/><\/figure>\n\n\n\n<figure class=\"wp-block-image size-large\"><img loading=\"lazy\" decoding=\"async\" width=\"1024\" height=\"682\" data-id=\"2278\" src=\"https:\/\/songwriter-norbert-mueller.de\/wp-content\/uploads\/2022\/07\/20220710-_MG_3440-1024x682.jpg\" alt=\"\" class=\"wp-image-2278\" srcset=\"https:\/\/songwriter-norbert-mueller.de\/wp-content\/uploads\/2022\/07\/20220710-_MG_3440-1024x682.jpg 1024w, https:\/\/songwriter-norbert-mueller.de\/wp-content\/uploads\/2022\/07\/20220710-_MG_3440-300x200.jpg 300w, https:\/\/songwriter-norbert-mueller.de\/wp-content\/uploads\/2022\/07\/20220710-_MG_3440-768x512.jpg 768w, https:\/\/songwriter-norbert-mueller.de\/wp-content\/uploads\/2022\/07\/20220710-_MG_3440-1536x1024.jpg 1536w, https:\/\/songwriter-norbert-mueller.de\/wp-content\/uploads\/2022\/07\/20220710-_MG_3440.jpg 2000w\" sizes=\"auto, (max-width: 1024px) 100vw, 1024px\" \/><\/figure>\n\n\n\n<figure class=\"wp-block-image size-large\"><img loading=\"lazy\" decoding=\"async\" width=\"1024\" height=\"682\" data-id=\"2279\" src=\"https:\/\/songwriter-norbert-mueller.de\/wp-content\/uploads\/2022\/07\/20220710-_MG_3441-1024x682.jpg\" alt=\"\" class=\"wp-image-2279\" srcset=\"https:\/\/songwriter-norbert-mueller.de\/wp-content\/uploads\/2022\/07\/20220710-_MG_3441-1024x682.jpg 1024w, https:\/\/songwriter-norbert-mueller.de\/wp-content\/uploads\/2022\/07\/20220710-_MG_3441-300x200.jpg 300w, https:\/\/songwriter-norbert-mueller.de\/wp-content\/uploads\/2022\/07\/20220710-_MG_3441-768x512.jpg 768w, https:\/\/songwriter-norbert-mueller.de\/wp-content\/uploads\/2022\/07\/20220710-_MG_3441-1536x1024.jpg 1536w, https:\/\/songwriter-norbert-mueller.de\/wp-content\/uploads\/2022\/07\/20220710-_MG_3441.jpg 2000w\" sizes=\"auto, (max-width: 1024px) 100vw, 1024px\" \/><\/figure>\n\n\n\n<figure class=\"wp-block-image size-large is-style-default\"><img loading=\"lazy\" decoding=\"async\" width=\"1024\" height=\"682\" data-id=\"2268\" src=\"https:\/\/songwriter-norbert-mueller.de\/wp-content\/uploads\/2022\/07\/20220710-_MG_3394-1024x682.jpg\" alt=\"\" class=\"wp-image-2268\" srcset=\"https:\/\/songwriter-norbert-mueller.de\/wp-content\/uploads\/2022\/07\/20220710-_MG_3394-1024x682.jpg 1024w, https:\/\/songwriter-norbert-mueller.de\/wp-content\/uploads\/2022\/07\/20220710-_MG_3394-300x200.jpg 300w, https:\/\/songwriter-norbert-mueller.de\/wp-content\/uploads\/2022\/07\/20220710-_MG_3394-768x512.jpg 768w, https:\/\/songwriter-norbert-mueller.de\/wp-content\/uploads\/2022\/07\/20220710-_MG_3394-1536x1024.jpg 1536w, https:\/\/songwriter-norbert-mueller.de\/wp-content\/uploads\/2022\/07\/20220710-_MG_3394.jpg 2000w\" sizes=\"auto, (max-width: 1024px) 100vw, 1024px\" \/><\/figure>\n\n\n\n<figure class=\"wp-block-image size-large\"><img loading=\"lazy\" decoding=\"async\" width=\"699\" height=\"1024\" data-id=\"2270\" src=\"https:\/\/songwriter-norbert-mueller.de\/wp-content\/uploads\/2022\/07\/20220710-_MG_3395-699x1024.jpg\" alt=\"\" class=\"wp-image-2270\" srcset=\"https:\/\/songwriter-norbert-mueller.de\/wp-content\/uploads\/2022\/07\/20220710-_MG_3395-699x1024.jpg 699w, https:\/\/songwriter-norbert-mueller.de\/wp-content\/uploads\/2022\/07\/20220710-_MG_3395-205x300.jpg 205w, https:\/\/songwriter-norbert-mueller.de\/wp-content\/uploads\/2022\/07\/20220710-_MG_3395-768x1125.jpg 768w, https:\/\/songwriter-norbert-mueller.de\/wp-content\/uploads\/2022\/07\/20220710-_MG_3395-1048x1536.jpg 1048w, https:\/\/songwriter-norbert-mueller.de\/wp-content\/uploads\/2022\/07\/20220710-_MG_3395.jpg 1365w\" sizes=\"auto, (max-width: 699px) 100vw, 699px\" \/><\/figure>\n<\/figure>\n\n\n\n<div style=\"height:40px\" aria-hidden=\"true\" class=\"wp-block-spacer\"><\/div>\n\n\n\n<div class=\"wp-block-buttons has-custom-font-size has-small-font-size is-horizontal is-content-justification-center is-layout-flex wp-container-core-buttons-is-layout-cbcdc57d wp-block-buttons-is-layout-flex\">\n<div class=\"wp-block-button has-custom-font-size is-style-outline has-small-font-size is-style-outline--5\"><a class=\"wp-block-button__link has-luminous-vivid-amber-color has-black-background-color has-text-color has-background wp-element-button\" href=\"https:\/\/songwriter-norbert-mueller.de\/?page_id=2043\"><strong>Termine<\/strong><\/a><\/div>\n\n\n\n<div class=\"wp-block-button has-custom-font-size is-style-outline has-small-font-size is-style-outline--6\"><a class=\"wp-block-button__link has-luminous-vivid-amber-color has-black-background-color has-text-color has-background wp-element-button\" href=\"https:\/\/songwriter-norbert-mueller.de\/?page_id=2050\"><strong><mark style=\"background-color:rgba(0, 0, 0, 0)\" class=\"has-inline-color has-luminous-vivid-amber-color\">Archiv<\/mark><\/strong><\/a><\/div>\n<\/div>\n","protected":false},"excerpt":{"rendered":"<p>Sie sind schon ein Highlight, die Spazierg\u00e4ngerkonzerte!<\/p>\n","protected":false},"author":1,"featured_media":0,"parent":0,"menu_order":0,"comment_status":"closed","ping_status":"closed","template":"","meta":{"_crdt_document":"","footnotes":""},"class_list":["post-2267","page","type-page","status-publish","hentry"],"yoast_head":"<!-- This site is optimized with the Yoast SEO plugin v27.5 - https:\/\/yoast.com\/product\/yoast-seo-wordpress\/ -->\n<title>10. Juli 2022 Spazierg\u00e4ngerkonzert, Ingolstadt Kap94 - Songwriter Norbert M\u00fcller<\/title>\n<meta name=\"description\" content=\"Spazierg\u00e4ngerkonzert, KAP94\" \/>\n<meta name=\"robots\" content=\"index, follow, max-snippet:-1, max-image-preview:large, max-video-preview:-1\" \/>\n<link rel=\"canonical\" href=\"https:\/\/songwriter-norbert-mueller.de\/?page_id=2267\" \/>\n<meta property=\"og:locale\" content=\"de_DE\" \/>\n<meta property=\"og:type\" content=\"article\" \/>\n<meta property=\"og:title\" content=\"10. Juli 2022 Spazierg\u00e4ngerkonzert, Ingolstadt Kap94 - Songwriter Norbert M\u00fcller\" \/>\n<meta property=\"og:description\" content=\"Spazierg\u00e4ngerkonzert, KAP94\" \/>\n<meta property=\"og:url\" content=\"https:\/\/songwriter-norbert-mueller.de\/?page_id=2267\" \/>\n<meta property=\"og:site_name\" content=\"Songwriter Norbert M\u00fcller\" \/>\n<meta property=\"article:publisher\" content=\"https:\/\/www.facebook.com\/gscheiterhaufen\" \/>\n<meta property=\"article:modified_time\" content=\"2024-04-03T11:32:28+00:00\" \/>\n<meta property=\"og:image\" content=\"https:\/\/songwriter-norbert-mueller.de\/wp-content\/uploads\/2022\/07\/20220710-_MG_3431-690x1024.jpg\" \/>\n<meta name=\"twitter:card\" content=\"summary_large_image\" \/>\n<meta name=\"twitter:label1\" content=\"Gesch\u00e4tzte Lesezeit\" \/>\n\t<meta name=\"twitter:data1\" content=\"3\u00a0Minuten\" \/>\n<script type=\"application\/ld+json\" class=\"yoast-schema-graph\">{\"@context\":\"https:\\\/\\\/schema.org\",\"@graph\":[{\"@type\":\"WebPage\",\"@id\":\"https:\\\/\\\/songwriter-norbert-mueller.de\\\/?page_id=2267\",\"url\":\"https:\\\/\\\/songwriter-norbert-mueller.de\\\/?page_id=2267\",\"name\":\"10. Juli 2022 Spazierg\u00e4ngerkonzert, Ingolstadt Kap94 - Songwriter Norbert M\u00fcller\",\"isPartOf\":{\"@id\":\"https:\\\/\\\/songwriter-norbert-mueller.de\\\/#website\"},\"primaryImageOfPage\":{\"@id\":\"https:\\\/\\\/songwriter-norbert-mueller.de\\\/?page_id=2267#primaryimage\"},\"image\":{\"@id\":\"https:\\\/\\\/songwriter-norbert-mueller.de\\\/?page_id=2267#primaryimage\"},\"thumbnailUrl\":\"https:\\\/\\\/songwriter-norbert-mueller.de\\\/wp-content\\\/uploads\\\/2022\\\/07\\\/20220710-_MG_3431-690x1024.jpg\",\"datePublished\":\"2022-07-11T20:56:32+00:00\",\"dateModified\":\"2024-04-03T11:32:28+00:00\",\"description\":\"Spazierg\u00e4ngerkonzert, KAP94\",\"breadcrumb\":{\"@id\":\"https:\\\/\\\/songwriter-norbert-mueller.de\\\/?page_id=2267#breadcrumb\"},\"inLanguage\":\"de\",\"potentialAction\":[{\"@type\":\"ReadAction\",\"target\":[\"https:\\\/\\\/songwriter-norbert-mueller.de\\\/?page_id=2267\"]}]},{\"@type\":\"ImageObject\",\"inLanguage\":\"de\",\"@id\":\"https:\\\/\\\/songwriter-norbert-mueller.de\\\/?page_id=2267#primaryimage\",\"url\":\"https:\\\/\\\/songwriter-norbert-mueller.de\\\/wp-content\\\/uploads\\\/2022\\\/07\\\/20220710-_MG_3431.jpg\",\"contentUrl\":\"https:\\\/\\\/songwriter-norbert-mueller.de\\\/wp-content\\\/uploads\\\/2022\\\/07\\\/20220710-_MG_3431.jpg\",\"width\":1348,\"height\":2000},{\"@type\":\"BreadcrumbList\",\"@id\":\"https:\\\/\\\/songwriter-norbert-mueller.de\\\/?page_id=2267#breadcrumb\",\"itemListElement\":[{\"@type\":\"ListItem\",\"position\":1,\"name\":\"Startseite\",\"item\":\"https:\\\/\\\/songwriter-norbert-mueller.de\\\/\"},{\"@type\":\"ListItem\",\"position\":2,\"name\":\"10. Juli 2022 Spazierg\u00e4ngerkonzert, Ingolstadt Kap94\"}]},{\"@type\":\"WebSite\",\"@id\":\"https:\\\/\\\/songwriter-norbert-mueller.de\\\/#website\",\"url\":\"https:\\\/\\\/songwriter-norbert-mueller.de\\\/\",\"name\":\"Songwriter Norbert M\u00fcller\",\"description\":\"Bayrischer Swing, Blues, Rock, Funk..., Songwriter, Norbert M\u00fcller, Michael Exenberger,\",\"publisher\":{\"@id\":\"https:\\\/\\\/songwriter-norbert-mueller.de\\\/#\\\/schema\\\/person\\\/4fc578fc2cccac12080b6903b28e4726\"},\"potentialAction\":[{\"@type\":\"SearchAction\",\"target\":{\"@type\":\"EntryPoint\",\"urlTemplate\":\"https:\\\/\\\/songwriter-norbert-mueller.de\\\/?s={search_term_string}\"},\"query-input\":{\"@type\":\"PropertyValueSpecification\",\"valueRequired\":true,\"valueName\":\"search_term_string\"}}],\"inLanguage\":\"de\"},{\"@type\":[\"Person\",\"Organization\"],\"@id\":\"https:\\\/\\\/songwriter-norbert-mueller.de\\\/#\\\/schema\\\/person\\\/4fc578fc2cccac12080b6903b28e4726\",\"name\":\"nmSongwriter\",\"image\":{\"@type\":\"ImageObject\",\"inLanguage\":\"de\",\"@id\":\"https:\\\/\\\/songwriter-norbert-mueller.de\\\/wp-content\\\/uploads\\\/2021\\\/10\\\/Avatar-Spoify.jpg\",\"url\":\"https:\\\/\\\/songwriter-norbert-mueller.de\\\/wp-content\\\/uploads\\\/2021\\\/10\\\/Avatar-Spoify.jpg\",\"contentUrl\":\"https:\\\/\\\/songwriter-norbert-mueller.de\\\/wp-content\\\/uploads\\\/2021\\\/10\\\/Avatar-Spoify.jpg\",\"width\":750,\"height\":750,\"caption\":\"nmSongwriter\"},\"logo\":{\"@id\":\"https:\\\/\\\/songwriter-norbert-mueller.de\\\/wp-content\\\/uploads\\\/2021\\\/10\\\/Avatar-Spoify.jpg\"},\"sameAs\":[\"http:\\\/\\\/mueller-norbert.de\",\"https:\\\/\\\/www.facebook.com\\\/gscheiterhaufen\",\"https:\\\/\\\/www.youtube.com\\\/channel\\\/UC-pqqUsP8t8Jk2bCdN-aUNw\",\"https:\\\/\\\/soundcloud.com\\\/norbert-mueller-903526782\"]}]}<\/script>\n<!-- \/ Yoast SEO plugin. -->","yoast_head_json":{"title":"10. Juli 2022 Spazierg\u00e4ngerkonzert, Ingolstadt Kap94 - Songwriter Norbert M\u00fcller","description":"Spazierg\u00e4ngerkonzert, KAP94","robots":{"index":"index","follow":"follow","max-snippet":"max-snippet:-1","max-image-preview":"max-image-preview:large","max-video-preview":"max-video-preview:-1"},"canonical":"https:\/\/songwriter-norbert-mueller.de\/?page_id=2267","og_locale":"de_DE","og_type":"article","og_title":"10. Juli 2022 Spazierg\u00e4ngerkonzert, Ingolstadt Kap94 - Songwriter Norbert M\u00fcller","og_description":"Spazierg\u00e4ngerkonzert, KAP94","og_url":"https:\/\/songwriter-norbert-mueller.de\/?page_id=2267","og_site_name":"Songwriter Norbert M\u00fcller","article_publisher":"https:\/\/www.facebook.com\/gscheiterhaufen","article_modified_time":"2024-04-03T11:32:28+00:00","og_image":[{"url":"https:\/\/songwriter-norbert-mueller.de\/wp-content\/uploads\/2022\/07\/20220710-_MG_3431-690x1024.jpg","type":"","width":"","height":""}],"twitter_card":"summary_large_image","twitter_misc":{"Gesch\u00e4tzte Lesezeit":"3\u00a0Minuten"},"schema":{"@context":"https:\/\/schema.org","@graph":[{"@type":"WebPage","@id":"https:\/\/songwriter-norbert-mueller.de\/?page_id=2267","url":"https:\/\/songwriter-norbert-mueller.de\/?page_id=2267","name":"10. Juli 2022 Spazierg\u00e4ngerkonzert, Ingolstadt Kap94 - Songwriter Norbert M\u00fcller","isPartOf":{"@id":"https:\/\/songwriter-norbert-mueller.de\/#website"},"primaryImageOfPage":{"@id":"https:\/\/songwriter-norbert-mueller.de\/?page_id=2267#primaryimage"},"image":{"@id":"https:\/\/songwriter-norbert-mueller.de\/?page_id=2267#primaryimage"},"thumbnailUrl":"https:\/\/songwriter-norbert-mueller.de\/wp-content\/uploads\/2022\/07\/20220710-_MG_3431-690x1024.jpg","datePublished":"2022-07-11T20:56:32+00:00","dateModified":"2024-04-03T11:32:28+00:00","description":"Spazierg\u00e4ngerkonzert, KAP94","breadcrumb":{"@id":"https:\/\/songwriter-norbert-mueller.de\/?page_id=2267#breadcrumb"},"inLanguage":"de","potentialAction":[{"@type":"ReadAction","target":["https:\/\/songwriter-norbert-mueller.de\/?page_id=2267"]}]},{"@type":"ImageObject","inLanguage":"de","@id":"https:\/\/songwriter-norbert-mueller.de\/?page_id=2267#primaryimage","url":"https:\/\/songwriter-norbert-mueller.de\/wp-content\/uploads\/2022\/07\/20220710-_MG_3431.jpg","contentUrl":"https:\/\/songwriter-norbert-mueller.de\/wp-content\/uploads\/2022\/07\/20220710-_MG_3431.jpg","width":1348,"height":2000},{"@type":"BreadcrumbList","@id":"https:\/\/songwriter-norbert-mueller.de\/?page_id=2267#breadcrumb","itemListElement":[{"@type":"ListItem","position":1,"name":"Startseite","item":"https:\/\/songwriter-norbert-mueller.de\/"},{"@type":"ListItem","position":2,"name":"10. Juli 2022 Spazierg\u00e4ngerkonzert, Ingolstadt Kap94"}]},{"@type":"WebSite","@id":"https:\/\/songwriter-norbert-mueller.de\/#website","url":"https:\/\/songwriter-norbert-mueller.de\/","name":"Songwriter Norbert M\u00fcller","description":"Bayrischer Swing, Blues, Rock, Funk..., Songwriter, Norbert M\u00fcller, Michael Exenberger,","publisher":{"@id":"https:\/\/songwriter-norbert-mueller.de\/#\/schema\/person\/4fc578fc2cccac12080b6903b28e4726"},"potentialAction":[{"@type":"SearchAction","target":{"@type":"EntryPoint","urlTemplate":"https:\/\/songwriter-norbert-mueller.de\/?s={search_term_string}"},"query-input":{"@type":"PropertyValueSpecification","valueRequired":true,"valueName":"search_term_string"}}],"inLanguage":"de"},{"@type":["Person","Organization"],"@id":"https:\/\/songwriter-norbert-mueller.de\/#\/schema\/person\/4fc578fc2cccac12080b6903b28e4726","name":"nmSongwriter","image":{"@type":"ImageObject","inLanguage":"de","@id":"https:\/\/songwriter-norbert-mueller.de\/wp-content\/uploads\/2021\/10\/Avatar-Spoify.jpg","url":"https:\/\/songwriter-norbert-mueller.de\/wp-content\/uploads\/2021\/10\/Avatar-Spoify.jpg","contentUrl":"https:\/\/songwriter-norbert-mueller.de\/wp-content\/uploads\/2021\/10\/Avatar-Spoify.jpg","width":750,"height":750,"caption":"nmSongwriter"},"logo":{"@id":"https:\/\/songwriter-norbert-mueller.de\/wp-content\/uploads\/2021\/10\/Avatar-Spoify.jpg"},"sameAs":["http:\/\/mueller-norbert.de","https:\/\/www.facebook.com\/gscheiterhaufen","https:\/\/www.youtube.com\/channel\/UC-pqqUsP8t8Jk2bCdN-aUNw","https:\/\/soundcloud.com\/norbert-mueller-903526782"]}]}},"_links":{"self":[{"href":"https:\/\/songwriter-norbert-mueller.de\/index.php?rest_route=\/wp\/v2\/pages\/2267","targetHints":{"allow":["GET"]}}],"collection":[{"href":"https:\/\/songwriter-norbert-mueller.de\/index.php?rest_route=\/wp\/v2\/pages"}],"about":[{"href":"https:\/\/songwriter-norbert-mueller.de\/index.php?rest_route=\/wp\/v2\/types\/page"}],"author":[{"embeddable":true,"href":"https:\/\/songwriter-norbert-mueller.de\/index.php?rest_route=\/wp\/v2\/users\/1"}],"replies":[{"embeddable":true,"href":"https:\/\/songwriter-norbert-mueller.de\/index.php?rest_route=%2Fwp%2Fv2%2Fcomments&post=2267"}],"version-history":[{"count":7,"href":"https:\/\/songwriter-norbert-mueller.de\/index.php?rest_route=\/wp\/v2\/pages\/2267\/revisions"}],"predecessor-version":[{"id":2523,"href":"https:\/\/songwriter-norbert-mueller.de\/index.php?rest_route=\/wp\/v2\/pages\/2267\/revisions\/2523"}],"wp:attachment":[{"href":"https:\/\/songwriter-norbert-mueller.de\/index.php?rest_route=%2Fwp%2Fv2%2Fmedia&parent=2267"}],"curies":[{"name":"wp","href":"https:\/\/api.w.org\/{rel}","templated":true}]}}